{"id":948,"date":"2023-07-11T11:19:59","date_gmt":"2023-07-11T09:19:59","guid":{"rendered":"https:\/\/wrfc2023.wpcomstaging.com\/?page_id=948"},"modified":"2023-07-11T11:19:59","modified_gmt":"2023-07-11T09:19:59","slug":"training","status":"publish","type":"page","link":"http:\/\/wrfc2023.local\/training\/","title":{"rendered":"TRAINING WEEK"},"content":{"rendered":"\n<p class=\"has-text-align-center has-normal-font-size\"><strong>Tuesday 25 July to Sunday 30 July<br><\/strong><\/p>\n\n\n\n<h3 class=\"wp-block-heading\"><strong>INSTRUCTIONS<\/strong><\/h3>\n\n\n\n<div class=\"wp-block-columns alignwide are-vertically-aligned-top is-layout-flex wp-container-core-columns-layout-1 wp-block-columns-is-layout-flex\">\n<div class=\"wp-block-column is-vertically-aligned-top is-layout-flow wp-block-column-is-layout-flow\">\n<p class=\"has-small-font-size\"><strong>Book your navigation slot(s) with the Sport Office<\/strong> <strong>BEFORE any departure.<\/strong><\/p>\n<\/div>\n<\/div>\n\n\n\n<div class=\"wp-block-columns alignwide are-vertically-aligned-top is-layout-flex wp-container-core-columns-layout-2 wp-block-columns-is-layout-flex\">\n<div class=\"wp-block-column is-vertically-aligned-top is-layout-flow wp-block-column-is-layout-flow\">\n<p class=\"has-small-font-size\"><strong><mark style=\"background-color:rgba(0, 0, 0, 0);color:#fb0000\" class=\"has-inline-color\">From Tuesday 25 to Friday 28<\/mark><br>Navigation and Landing <br>from 8 AM to 6 PM<\/strong>  <\/p>\n<\/div>\n\n\n\n<div class=\"wp-block-column is-vertically-aligned-top is-layout-flow wp-block-column-is-layout-flow\">\n<p class=\"has-small-font-size\"><strong><mark style=\"background-color:rgba(0, 0, 0, 0);color:#fb0000\" class=\"has-inline-color\">On Saturday 29<br><\/mark>Navigation and Landing <\/strong><br><strong>from<\/strong> <strong>8 AM to 4 PM<\/strong><br><\/p>\n<\/div>\n\n\n\n<div class=\"wp-block-column is-vertically-aligned-top is-layout-flow wp-block-column-is-layout-flow\">\n<p class=\"has-small-font-size\"><strong><mark style=\"background-color:rgba(0, 0, 0, 0);color:#fb0000\" class=\"has-inline-color\">On Sunday 30<br><\/mark>Navigation only <\/strong><br><strong>from 8 AM to 3 PM<\/strong><\/p>\n<\/div>\n<\/div>\n\n\n\n<div class=\"wp-block-columns alignwide are-vertically-aligned-top is-layout-flex wp-container-core-columns-layout-3 wp-block-columns-is-layout-flex\">\n<div class=\"wp-block-column is-vertically-aligned-top is-layout-flow wp-block-column-is-layout-flow\">\n<p class=\"has-small-font-size\"><strong><mark style=\"background-color:#e9ff46;color:#fb0000\" class=\"has-inline-color\"><strong>No take offs AND no landing training between 12 AM and 2 PM<\/strong> <strong>all week.<\/strong><\/mark><\/strong><\/p>\n<\/div>\n<\/div>\n\n\n\n<hr class=\"wp-block-separator has-alpha-channel-opacity is-style-dots\"\/>\n\n\n\n<h3 class=\"wp-block-heading\"><strong>TRAINING NAVIGATIONS<\/strong><br><\/h3>\n\n\n\n<div class=\"wp-block-columns alignwide is-layout-flex wp-container-core-columns-layout-4 wp-block-columns-is-layout-flex\">\n<div class=\"wp-block-column is-layout-flow wp-block-column-is-layout-flow\">\n<p class=\"has-small-font-size\"><strong>Download the training routes below<\/strong>.<\/p>\n<\/div>\n\n\n\n<div class=\"wp-block-column is-layout-flow wp-block-column-is-layout-flow\"><\/div>\n\n\n\n<div class=\"wp-block-column is-layout-flow wp-block-column-is-layout-flow\"><\/div>\n<\/div>\n\n\n\n<div class=\"wp-block-buttons is-content-justification-center is-layout-flex wp-container-core-buttons-layout-1 wp-block-buttons-is-layout-flex\">\n<div class=\"wp-block-button\"><a class=\"wp-block-button__link has-background wp-element-button\" href=\"http:\/\/wrfc2023.local\/wp-content\/uploads\/2023\/07\/Bordeaux-Route-Training-Set.zip\" style=\"background-color:#8a2727\">BORDEAUX<\/a><\/div>\n\n\n\n<div class=\"wp-block-button\"><a class=\"wp-block-button__link has-background wp-element-button\" href=\"http:\/\/wrfc2023.local\/wp-content\/uploads\/2023\/07\/Burgundy-Route-Training-Set.zip\" style=\"background-color:#63ab41\">BURGUNDY<\/a><\/div>\n\n\n\n<div class=\"wp-block-button\"><a class=\"wp-block-button__link has-background wp-element-button\" href=\"http:\/\/wrfc2023.local\/wp-content\/uploads\/2023\/07\/Champagne-Route-Training-Set.zip\" style=\"background-color:#debe72\">CHAMPAGNE<\/a><\/div>\n\n\n\n<div class=\"wp-block-button\"><a class=\"wp-block-button__link has-background wp-element-button\" href=\"http:\/\/wrfc2023.local\/wp-content\/uploads\/2023\/07\/LoireValley-Route-Training-Set.zip\" style=\"background-color:#5681c6\">LOIRE VALLEY<\/a><\/div>\n<\/div>\n\n\n\n<hr class=\"wp-block-separator has-alpha-channel-opacity is-style-dots\"\/>\n\n\n\n<div class=\"wp-block-group is-layout-constrained wp-block-group-is-layout-constrained\"><div class=\"wp-block-group__inner-container\">\n<p class=\"has-text-align-center has-small-font-size\"><strong>F\u00e9d\u00e9ration Fran\u00e7aise A\u00e9ronautique <br><\/strong>155 Avenue de Wagram<br>75017 Paris FRANCE<\/p>\n\n\n<div class=\"wp-block-image\">\n<figure class=\"aligncenter size-full is-resized\"><img loading=\"lazy\" decoding=\"async\" src=\"http:\/\/wrfc2023.local\/wp-content\/uploads\/2022\/12\/FFA_Logo.jpg\" alt=\"\" class=\"wp-image-125\" width=\"175\" height=\"83\" srcset=\"http:\/\/wrfc2023.local\/wp-content\/uploads\/2022\/12\/FFA_Logo.jpg 474w, http:\/\/wrfc2023.local\/wp-content\/uploads\/2022\/12\/FFA_Logo-300x143.jpg 300w\" sizes=\"(max-width: 175px) 100vw, 175px\" \/><\/figure><\/div><\/div><\/div>\n","protected":false},"excerpt":{"rendered":"<p>Tuesday 25 July to Sunday 30 July INSTRUCTIONS Book your navigation slot(s) with the Sport Office BEFORE any departure. From Tuesday 25 to Friday 28Navigation and Landing from 8 AM to 6 PM On Saturday 29Navigation and Landing from 8 AM to 4 PM On Sunday 30Navigation only from 8 AM to 3 PM No take offs AND no landing training between 12 AM and 2 PM all week. TRAINING NAVIGATIONS Download the training routes below.<a class=\"more-link\" href=\"http:\/\/wrfc2023.local\/training\/\">Read More &rarr;<\/a><\/p>\n","protected":false},"author":1,"featured_media":0,"parent":0,"menu_order":0,"comment_status":"closed","ping_status":"closed","template":"","meta":{"_eb_attr":"","footnotes":""},"_links":{"self":[{"href":"http:\/\/wrfc2023.local\/wp-json\/wp\/v2\/pages\/948"}],"collection":[{"href":"http:\/\/wrfc2023.local\/wp-json\/wp\/v2\/pages"}],"about":[{"href":"http:\/\/wrfc2023.local\/wp-json\/wp\/v2\/types\/page"}],"author":[{"embeddable":true,"href":"http:\/\/wrfc2023.local\/wp-json\/wp\/v2\/users\/1"}],"replies":[{"embeddable":true,"href":"http:\/\/wrfc2023.local\/wp-json\/wp\/v2\/comments?post=948"}],"version-history":[{"count":0,"href":"http:\/\/wrfc2023.local\/wp-json\/wp\/v2\/pages\/948\/revisions"}],"wp:attachment":[{"href":"http:\/\/wrfc2023.local\/wp-json\/wp\/v2\/media?parent=948"}],"curies":[{"name":"wp","href":"https:\/\/api.w.org\/{rel}","templated":true}]}}