{"id":775,"date":"2023-06-19T14:17:15","date_gmt":"2023-06-19T12:17:15","guid":{"rendered":"https:\/\/wrfc2023.wpcomstaging.com\/?page_id=775"},"modified":"2023-11-09T11:10:49","modified_gmt":"2023-11-09T11:10:49","slug":"crews","status":"publish","type":"page","link":"http:\/\/wrfc2023.local\/crews\/","title":{"rendered":"CREWS"},"content":{"rendered":"<div id=\"page\" class=\"site\">\n<header id=\"masthead\" class=\"site-header responsive-max-width has-title-and-tagline has-menu\" role=\"banner\">\n<nav id=\"site-navigation\" class=\"main-navigation\" aria-label=\"Navigation principale\">\n<div class=\"menu-principal-container\">\n<p>The first team files are now available. The composition of the teams will be updated when the team line-ups are finalised. As soon as your compositions are known, please send us your <a href=\"https:\/\/wrfc2023.wpcomstaging.com\/wp-content\/uploads\/2022\/12\/WRFC_2023_Individual_crew_entry_form.pdf\" data-type=\"URL\" data-id=\"https:\/\/wrfc2023.wpcomstaging.com\/wp-content\/uploads\/2022\/12\/WRFC_2023_Individual_crew_entry_form.pdf\">entry forms<\/a>,\u00a0<a href=\"https:\/\/wrfc2023.wpcomstaging.com\/wp-content\/uploads\/2022\/12\/WRFC_2023_personnal_quiz_v2.pdf\" data-type=\"URL\" data-id=\"https:\/\/wrfc2023.wpcomstaging.com\/wp-content\/uploads\/2022\/12\/WRFC_2023_personnal_quiz_v2.pdf\">questionnaires\u00a0<\/a>and pictures.<\/p>\n<\/div>\n<\/nav>\n<\/header>\n<div id=\"content\" class=\"site-content\">\n<section id=\"primary\" class=\"content-area\"><main id=\"main\" class=\"site-main\"><\/p>\n<article id=\"post-775\" class=\"post-775 page type-page status-publish hentry entry\">\n<div class=\"entry-content\">\n<div class=\"wp-block-columns is-layout-flex wp-container-4 wp-block-columns-is-layout-flex\">\n<div class=\"wp-block-column is-layout-flow wp-block-column-is-layout-flow\">\n<div class=\"wp-block-file aligncenter\" data-wp-interactive=\"\"><object class=\"wp-block-file__embed\" data=\"https:\/\/wrfc2023.wpcomstaging.com\/wp-content\/uploads\/2023\/06\/TEAM-AUSTRIA-1.pdf\" type=\"application\/pdf\" width=\"300\" height=\"150\" data-wp-style--display=\"selectors.core.file.hasPdfPreview\" aria-label=\"PDF embarqu\u00e9\"><\/object><\/div>\n<div data-wp-interactive=\"\"><\/div>\n<div class=\"wp-block-file aligncenter\" data-wp-interactive=\"\"><a class=\"wp-block-file__button wp-element-button\" href=\"https:\/\/wrfc2023.wpcomstaging.com\/wp-content\/uploads\/2023\/06\/TEAM-AUSTRIA-1.pdf\" target=\"_blank\" rel=\"noopener\" download=\"\">Download AUT<\/a><\/div>\n<div data-wp-interactive=\"\"><\/div>\n<div class=\"wp-block-file aligncenter\" data-wp-interactive=\"\"><object class=\"wp-block-file__embed\" data=\"https:\/\/wrfc2023.wpcomstaging.com\/wp-content\/uploads\/2023\/07\/TEAM-CZECH.pdf\" type=\"application\/pdf\" width=\"300\" height=\"150\" data-wp-style--display=\"selectors.core.file.hasPdfPreview\" aria-label=\"PDF embarqu\u00e9\"><\/object><\/div>\n<div data-wp-interactive=\"\"><\/div>\n<div class=\"wp-block-file aligncenter\" data-wp-interactive=\"\"><a class=\"wp-block-file__button wp-element-button\" href=\"https:\/\/wrfc2023.wpcomstaging.com\/wp-content\/uploads\/2023\/07\/TEAM-CZECH.pdf\" target=\"_blank\" rel=\"noopener\" download=\"\">Download CZE<\/a><\/div>\n<div data-wp-interactive=\"\"><\/div>\n<div class=\"wp-block-file aligncenter\" data-wp-interactive=\"\"><object class=\"wp-block-file__embed\" data=\"https:\/\/wrfc2023.wpcomstaging.com\/wp-content\/uploads\/2023\/07\/ITALIA.pdf\" type=\"application\/pdf\" width=\"300\" height=\"150\" data-wp-style--display=\"selectors.core.file.hasPdfPreview\" aria-label=\"PDF embarqu\u00e9\"><\/object><\/div>\n<div data-wp-interactive=\"\"><\/div>\n<div class=\"wp-block-file aligncenter\" data-wp-interactive=\"\"><a class=\"wp-block-file__button wp-element-button\" href=\"https:\/\/wrfc2023.wpcomstaging.com\/wp-content\/uploads\/2023\/07\/ITALIA.pdf\" target=\"_blank\" rel=\"noopener\" download=\"\">Download ITA<\/a><\/div>\n<div data-wp-interactive=\"\"><\/div>\n<div class=\"wp-block-file aligncenter\" data-wp-interactive=\"\"><object class=\"wp-block-file__embed\" data=\"https:\/\/wrfc2023.wpcomstaging.com\/wp-content\/uploads\/2023\/06\/TEAM-PORTUGAL.pdf\" type=\"application\/pdf\" width=\"300\" height=\"150\" data-wp-style--display=\"selectors.core.file.hasPdfPreview\" aria-label=\"Contenu embarqu\u00e9 =.\"><\/object><\/div>\n<div data-wp-interactive=\"\"><\/div>\n<div class=\"wp-block-file aligncenter\" data-wp-interactive=\"\"><a class=\"wp-block-file__button wp-element-button\" href=\"https:\/\/wrfc2023.wpcomstaging.com\/wp-content\/uploads\/2023\/06\/TEAM-PORTUGAL.pdf\" target=\"_blank\" rel=\"noopener\" download=\"\" aria-describedby=\"wp-block-file--media-abf4d913-1918-4672-a794-57726d15993d\">Download POR<\/a><\/div>\n<div data-wp-interactive=\"\"><\/div>\n<div class=\"wp-block-file aligncenter\" data-wp-interactive=\"\"><object class=\"wp-block-file__embed\" data=\"https:\/\/wrfc2023.wpcomstaging.com\/wp-content\/uploads\/2023\/07\/TEAM_SOA-1.pdf\" type=\"application\/pdf\" width=\"300\" height=\"150\" data-wp-style--display=\"selectors.core.file.hasPdfPreview\" aria-label=\"PDF embarqu\u00e9\"><\/object><\/div>\n<div data-wp-interactive=\"\"><\/div>\n<div class=\"wp-block-file aligncenter\" data-wp-interactive=\"\"><a class=\"wp-block-file__button wp-element-button\" href=\"https:\/\/wrfc2023.wpcomstaging.com\/wp-content\/uploads\/2023\/07\/TEAM_SOA-1.pdf\" target=\"_blank\" rel=\"noopener\" download=\"\">Download SOA<\/a><\/div>\n<div data-wp-interactive=\"\"><\/div>\n<\/div>\n<div class=\"wp-block-column is-layout-flow wp-block-column-is-layout-flow\">\n<div class=\"wp-block-file aligncenter\" data-wp-interactive=\"\"><object class=\"wp-block-file__embed\" data=\"https:\/\/wrfc2023.wpcomstaging.com\/wp-content\/uploads\/2023\/06\/TEAM-CHILI.pdf\" type=\"application\/pdf\" width=\"300\" height=\"150\" data-wp-style--display=\"selectors.core.file.hasPdfPreview\" aria-label=\"PDF embarqu\u00e9\"><\/object><\/div>\n<div data-wp-interactive=\"\"><\/div>\n<div class=\"wp-block-file aligncenter\" data-wp-interactive=\"\"><a class=\"wp-block-file__button wp-element-button\" href=\"https:\/\/wrfc2023.wpcomstaging.com\/wp-content\/uploads\/2023\/06\/TEAM-CHILI.pdf\" target=\"_blank\" rel=\"noopener\" download=\"\">Download CHL<\/a><\/div>\n<div data-wp-interactive=\"\"><\/div>\n<div class=\"wp-block-file aligncenter\" data-wp-interactive=\"\"><object class=\"wp-block-file__embed\" data=\"https:\/\/wrfc2023.wpcomstaging.com\/wp-content\/uploads\/2023\/07\/FR.pdf\" type=\"application\/pdf\" width=\"300\" height=\"150\" data-wp-style--display=\"selectors.core.file.hasPdfPreview\" aria-label=\"PDF embarqu\u00e9\"><\/object><\/div>\n<div data-wp-interactive=\"\"><\/div>\n<div class=\"wp-block-file aligncenter\" data-wp-interactive=\"\"><a class=\"wp-block-file__button wp-element-button\" href=\"https:\/\/wrfc2023.wpcomstaging.com\/wp-content\/uploads\/2023\/07\/FR.pdf\" target=\"_blank\" rel=\"noopener\" download=\"\">Download FRA<\/a><\/div>\n<div data-wp-interactive=\"\"><\/div>\n<div class=\"wp-block-file aligncenter\" data-wp-interactive=\"\"><object class=\"wp-block-file__embed\" data=\"https:\/\/wrfc2023.wpcomstaging.com\/wp-content\/uploads\/2023\/06\/TEAM-LITHUANIA.pdf\" type=\"application\/pdf\" width=\"300\" height=\"150\" data-wp-style--display=\"selectors.core.file.hasPdfPreview\" aria-label=\"PDF embarqu\u00e9\"><\/object><\/div>\n<div data-wp-interactive=\"\"><\/div>\n<div class=\"wp-block-file aligncenter\" data-wp-interactive=\"\"><a class=\"wp-block-file__button wp-element-button\" href=\"https:\/\/wrfc2023.wpcomstaging.com\/wp-content\/uploads\/2023\/06\/TEAM-LITHUANIA.pdf\" target=\"_blank\" rel=\"noopener\" download=\"\">Download LTU<\/a><\/div>\n<div data-wp-interactive=\"\"><\/div>\n<div class=\"wp-block-file aligncenter\" data-wp-interactive=\"\"><object class=\"wp-block-file__embed\" data=\"https:\/\/wrfc2023.wpcomstaging.com\/wp-content\/uploads\/2023\/06\/SLOVAKIA.pdf\" type=\"application\/pdf\" width=\"300\" height=\"150\" data-wp-style--display=\"selectors.core.file.hasPdfPreview\" aria-label=\"Contenu embarqu\u00e9 =.\"><\/object><\/div>\n<div data-wp-interactive=\"\"><\/div>\n<div class=\"wp-block-file aligncenter\" data-wp-interactive=\"\"><a class=\"wp-block-file__button wp-element-button\" href=\"https:\/\/wrfc2023.wpcomstaging.com\/wp-content\/uploads\/2023\/06\/SLOVAKIA.pdf\" target=\"_blank\" rel=\"noopener\" download=\"\" aria-describedby=\"wp-block-file--media-eb5eb738-be64-4422-a680-fb50edd25cbf\">Download SVK<\/a><\/div>\n<div data-wp-interactive=\"\"><\/div>\n<div class=\"wp-block-file aligncenter\" data-wp-interactive=\"\"><object class=\"wp-block-file__embed\" data=\"https:\/\/wrfc2023.wpcomstaging.com\/wp-content\/uploads\/2023\/06\/TEAM-SWITZERLAND.pdf\" type=\"application\/pdf\" width=\"300\" height=\"150\" data-wp-style--display=\"selectors.core.file.hasPdfPreview\" aria-label=\"PDF embarqu\u00e9\"><\/object><\/div>\n<div data-wp-interactive=\"\"><\/div>\n<div class=\"wp-block-file aligncenter\" data-wp-interactive=\"\"><a class=\"wp-block-file__button wp-element-button\" href=\"https:\/\/wrfc2023.wpcomstaging.com\/wp-content\/uploads\/2023\/06\/TEAM-SWITZERLAND.pdf\" target=\"_blank\" rel=\"noopener\" download=\"\">Download SUI<\/a><\/div>\n<div data-wp-interactive=\"\"><\/div>\n<\/div>\n<div class=\"wp-block-column is-layout-flow wp-block-column-is-layout-flow\">\n<div class=\"wp-block-file aligncenter\" data-wp-interactive=\"\"><object class=\"wp-block-file__embed\" data=\"https:\/\/wrfc2023.wpcomstaging.com\/wp-content\/uploads\/2023\/06\/TEAM-CHINA-1.pdf\" type=\"application\/pdf\" width=\"300\" height=\"150\" data-wp-style--display=\"selectors.core.file.hasPdfPreview\" aria-label=\"PDF embarqu\u00e9\"><\/object><\/div>\n<div data-wp-interactive=\"\"><\/div>\n<div class=\"wp-block-file aligncenter\" data-wp-interactive=\"\"><a class=\"wp-block-file__button wp-element-button\" href=\"https:\/\/wrfc2023.wpcomstaging.com\/wp-content\/uploads\/2023\/06\/TEAM-CHINA-1.pdf\" target=\"_blank\" rel=\"noopener\" download=\"\">Download CHN<\/a><\/div>\n<div data-wp-interactive=\"\"><\/div>\n<div class=\"wp-block-file aligncenter\" data-wp-interactive=\"\"><object class=\"wp-block-file__embed\" data=\"https:\/\/wrfc2023.wpcomstaging.com\/wp-content\/uploads\/2023\/06\/TEAM-GERMANY.pdf\" type=\"application\/pdf\" width=\"300\" height=\"150\" data-wp-style--display=\"selectors.core.file.hasPdfPreview\" aria-label=\"PDF embarqu\u00e9\"><\/object><\/div>\n<div data-wp-interactive=\"\"><\/div>\n<div class=\"wp-block-file aligncenter\" data-wp-interactive=\"\"><a class=\"wp-block-file__button wp-element-button\" href=\"https:\/\/wrfc2023.wpcomstaging.com\/wp-content\/uploads\/2023\/06\/TEAM-GERMANY.pdf\" target=\"_blank\" rel=\"noopener\" download=\"\">Download GER<\/a><\/div>\n<div data-wp-interactive=\"\"><\/div>\n<div class=\"wp-block-file aligncenter\" data-wp-interactive=\"\"><object class=\"wp-block-file__embed\" data=\"https:\/\/wrfc2023.wpcomstaging.com\/wp-content\/uploads\/2023\/06\/TEAM-POLAND.pdf\" type=\"application\/pdf\" width=\"300\" height=\"150\" data-wp-style--display=\"selectors.core.file.hasPdfPreview\" aria-label=\"PDF embarqu\u00e9\"><\/object><\/div>\n<div data-wp-interactive=\"\"><\/div>\n<div class=\"wp-block-file aligncenter\" data-wp-interactive=\"\"><a class=\"wp-block-file__button wp-element-button\" href=\"https:\/\/wrfc2023.wpcomstaging.com\/wp-content\/uploads\/2023\/06\/TEAM-POLAND.pdf\" target=\"_blank\" rel=\"noopener\" download=\"\">Download POL<\/a><\/div>\n<div data-wp-interactive=\"\"><\/div>\n<div class=\"wp-block-file aligncenter\" data-wp-interactive=\"\"><object class=\"wp-block-file__embed\" data=\"https:\/\/wrfc2023.wpcomstaging.com\/wp-content\/uploads\/2023\/06\/TEAM-SPAIN.pdf\" type=\"application\/pdf\" width=\"300\" height=\"150\" data-wp-style--display=\"selectors.core.file.hasPdfPreview\" aria-label=\"PDF embarqu\u00e9\"><\/object><\/div>\n<div data-wp-interactive=\"\"><\/div>\n<div class=\"wp-block-file aligncenter\" data-wp-interactive=\"\"><a class=\"wp-block-file__button wp-element-button\" href=\"https:\/\/wrfc2023.wpcomstaging.com\/wp-content\/uploads\/2023\/06\/TEAM-SPAIN.pdf\" target=\"_blank\" rel=\"noopener\" download=\"\">Download ESP<\/a><\/div>\n<div data-wp-interactive=\"\"><\/div>\n<\/div>\n<\/div>\n<hr class=\"wp-block-separator has-alpha-channel-opacity is-style-dots\" \/>\n<div class=\"wp-block-columns are-vertically-aligned-top is-layout-flex wp-container-7 wp-block-columns-is-layout-flex\">\n<div class=\"wp-block-column is-vertically-aligned-top is-layout-flow wp-block-column-is-layout-flow\">\n<div class=\"wp-block-group is-layout-constrained wp-block-group-is-layout-constrained\">\n<div class=\"wp-block-group__inner-container\">\n<p class=\"has-text-align-center has-small-font-size\"><strong>F\u00e9d\u00e9ration Fran\u00e7aise A\u00e9ronautique<br \/>\n<\/strong>155 Avenue de Wagram<br \/>\n75017 Paris FRANCE<\/p>\n<div class=\"wp-block-image\">\n<figure class=\"aligncenter size-full is-resized\"><img loading=\"lazy\" decoding=\"async\" class=\"wp-image-125\" src=\"https:\/\/i0.wp.com\/wrfc2023.wpcomstaging.com\/wp-content\/uploads\/2022\/12\/FFA_Logo.jpg?resize=175%2C83&amp;ssl=1\" sizes=\"(max-width: 175px) 100vw, 175px\" srcset=\"https:\/\/i0.wp.com\/wrfc2023.wpcomstaging.com\/wp-content\/uploads\/2022\/12\/FFA_Logo.jpg?w=474&amp;ssl=1 474w, https:\/\/i0.wp.com\/wrfc2023.wpcomstaging.com\/wp-content\/uploads\/2022\/12\/FFA_Logo.jpg?resize=300%2C143&amp;ssl=1 300w\" alt=\"\" width=\"175\" height=\"83\" data-attachment-id=\"125\" data-permalink=\"https:\/\/wrfc2023.wpcomstaging.com\/world-rally-fying-championship-2023\/ffa_logo\/\" data-orig-file=\"https:\/\/i0.wp.com\/wrfc2023.wpcomstaging.com\/wp-content\/uploads\/2022\/12\/FFA_Logo.jpg?fit=474%2C226&amp;ssl=1\" data-orig-size=\"474,226\" data-comments-opened=\"1\" data-image-meta=\"{&quot;aperture&quot;:&quot;0&quot;,&quot;credit&quot;:&quot;&quot;,&quot;camera&quot;:&quot;&quot;,&quot;caption&quot;:&quot;&quot;,&quot;created_timestamp&quot;:&quot;1270742926&quot;,&quot;copyright&quot;:&quot;&quot;,&quot;focal_length&quot;:&quot;0&quot;,&quot;iso&quot;:&quot;0&quot;,&quot;shutter_speed&quot;:&quot;0&quot;,&quot;title&quot;:&quot;&quot;,&quot;orientation&quot;:&quot;1&quot;}\" data-image-title=\"FFA_Logo\" data-image-description=\"\" data-image-caption=\"\" data-medium-file=\"https:\/\/i0.wp.com\/wrfc2023.wpcomstaging.com\/wp-content\/uploads\/2022\/12\/FFA_Logo.jpg?fit=300%2C143&amp;ssl=1\" data-large-file=\"https:\/\/i0.wp.com\/wrfc2023.wpcomstaging.com\/wp-content\/uploads\/2022\/12\/FFA_Logo.jpg?fit=474%2C226&amp;ssl=1\" \/><\/figure>\n<\/div>\n<\/div>\n<\/div>\n<\/div>\n<\/div>\n<\/div>\n<footer class=\"entry-footer responsive-max-width\"><span class=\"edit-link\"><a class=\"post-edit-link\" href=\"https:\/\/wrfc2023.wpcomstaging.com\/wp-admin\/post.php?post=775&amp;action=edit\">Modifier<span class=\"screen-reader-text\">CREWS<\/span><\/a><\/span><\/footer>\n<\/article>\n<p><\/main><\/section>\n<\/div>\n<footer id=\"colophon\" class=\"site-footer responsive-max-width\">\n<div class=\"site-info\"><a class=\"site-name\" href=\"https:\/\/wrfc2023.wpcomstaging.com\/\" rel=\"home\">WORLD RALLY FLYING CHAMPIONSHIPS<\/a><span class=\"comma\">,<\/span>\u00a0<a href=\"https:\/\/wordpress.com\/?ref=footer_custom_powered\">Powered by WordPress.com<\/a>.<\/div>\n<\/footer>\n<\/div>\n<aside class=\"country-selector weglot-dropdown close_outside_click closed weglot-default wg- weglot-invert\" tabindex=\"0\" data-wg-notranslate=\"\" aria-expanded=\"false\" aria-label=\"Language selected: English\"><label class=\"wgcurrent wg-li weglot-lang weglot-language weglot-flags flag-0 en\" tabindex=\"-1\" for=\"wg1699527290654cba7acb1d829\" data-l=\"en\" data-code-language=\"en\" data-name-language=\"EN\"><span class=\"wglanguage-name\">EN<\/span><\/label><\/aside>\n","protected":false},"excerpt":{"rendered":"<p>The first team files are now available. The composition of the teams will be updated when the team line-ups are finalised. As soon as your compositions are known, please send us your entry forms,\u00a0questionnaires\u00a0and pictures. Download AUT Download CZE Download ITA Download POR Download SOA Download CHL Download FRA Download LTU Download SVK Download SUI Download CHN Download GER Download POL Download ESP F\u00e9d\u00e9ration Fran\u00e7aise A\u00e9ronautique 155 Avenue de Wagram 75017 Paris FRANCE ModifierCREWS WORLD RALLY FLYING CHAMPIONSHIPS,\u00a0Powered by WordPress.com. EN<a class=\"more-link\" href=\"http:\/\/wrfc2023.local\/crews\/\">Read More &rarr;<\/a><\/p>\n","protected":false},"author":1,"featured_media":0,"parent":0,"menu_order":0,"comment_status":"closed","ping_status":"closed","template":"","meta":{"_eb_attr":"","footnotes":""},"_links":{"self":[{"href":"http:\/\/wrfc2023.local\/wp-json\/wp\/v2\/pages\/775"}],"collection":[{"href":"http:\/\/wrfc2023.local\/wp-json\/wp\/v2\/pages"}],"about":[{"href":"http:\/\/wrfc2023.local\/wp-json\/wp\/v2\/types\/page"}],"author":[{"embeddable":true,"href":"http:\/\/wrfc2023.local\/wp-json\/wp\/v2\/users\/1"}],"replies":[{"embeddable":true,"href":"http:\/\/wrfc2023.local\/wp-json\/wp\/v2\/comments?post=775"}],"version-history":[{"count":13,"href":"http:\/\/wrfc2023.local\/wp-json\/wp\/v2\/pages\/775\/revisions"}],"predecessor-version":[{"id":1227,"href":"http:\/\/wrfc2023.local\/wp-json\/wp\/v2\/pages\/775\/revisions\/1227"}],"wp:attachment":[{"href":"http:\/\/wrfc2023.local\/wp-json\/wp\/v2\/media?parent=775"}],"curies":[{"name":"wp","href":"https:\/\/api.w.org\/{rel}","templated":true}]}}