{"id":1547,"date":"2022-08-23T16:47:04","date_gmt":"2022-08-23T14:47:04","guid":{"rendered":"https:\/\/atomic-temporary-199649543.wpcomstaging.com\/?page_id=1547"},"modified":"2022-08-23T16:47:04","modified_gmt":"2022-08-23T14:47:04","slug":"meeting-aerien-albi","status":"publish","type":"page","link":"http:\/\/wpfc2022.local\/meeting-aerien-albi\/","title":{"rendered":"AIRSHOW"},"content":{"rendered":"\n<p class=\"has-text-align-center\"><\/p>\n\n\n\n<div class=\"wp-block-buttons alignfull is-content-justification-center is-layout-flex wp-container-1\">\n<div class=\"wp-block-button has-custom-font-size is-style-fill has-huge-font-size\"><a class=\"wp-block-button__link has-background wp-element-button\" style=\"background-color:#ff0000\">MEETING A<strong>\u00c9<\/strong>RIEN ANNUL<strong>\u00c9<\/strong> <br><br>Exposition statique des avions du meeting \u00e0 partir de 13H et jusqu&#8217;\u00e0 17H<br><br>Animations sur la plateforme toute la journ\u00e9e<\/a><\/div>\n<\/div>\n\n\n\n<p><\/p>\n\n\n\n<p><strong>Samedi 27 ao\u00fbt 2022<\/strong>, d\u00e8s 9 heures, les portes de l&#8217;a\u00e9rodrome d&#8217;Albi le S\u00e9questre s&#8217;ouvrent au public.<\/p>\n\n\n\n<p>&#8211; L&#8217;entr\u00e9e pour la journ\u00e9e et les animations sont gratuites (structures gonflables, simulateurs de vols, stands FFA&#8230;). Boissons et snacking sur place.&nbsp;<\/p>\n\n\n\n<p>&#8211; <strong>Des navettes gratuites seront mises en place<\/strong> <strong>depuis le centre-ville<\/strong> pour le public. Arr\u00eats : Jardin National et H\u00f4pital (Place Laperousse).<\/p>\n\n\n\n<p>&#8211; Les avions du meeting a\u00e9rien seront visibles sur le parking en matin\u00e9e &#8211; Les d\u00e9monstrations en vol sont pr\u00e9vues : <strong>de 14H00 \u00e0 16H00<\/strong><\/p>\n\n\n\n<p><strong>Le parking du parc des expositions est ouvert et gratuit pour l&#8217;occasion. Merci de ne pas acc\u00e9der avec votre voiture \u00e0 l&#8217;espace du circuit automobile apr\u00e8s la passerelle !<\/strong><\/p>\n\n\n\n<p>Les avions que vous retrouverez en d\u00e9monstration dans le programme du meeting a\u00e9rien de 14H00 \u00e0 16H00, qui cl\u00f4turera les Championnats du Monde de Pilotage de Pr\u00e9cision, sont d\u00e9crits ci-dessous :<\/p>\n\n\n\n<p><strong>On vous attend nombreux et nombreuses pour partager une chaleureuse journ\u00e9e d&#8217;aviation !<\/strong><\/p>\n\n\n\n<p><\/p>\n\n\n\n<div class=\"wp-block-columns is-layout-flex wp-container-5\">\n<div class=\"wp-block-column is-layout-flow\">\n<figure class=\"wp-block-image size-full\"><img decoding=\"async\" src=\"https:\/\/wpfc2022.files.wordpress.com\/2023\/01\/20bb4-t6-north-american-zero.jpg\" alt=\"\" class=\"wp-image-1643\" \/><figcaption class=\"wp-element-caption\"><strong>T6 North American &#8220;Z\u00e9ro&#8221;<\/strong><\/figcaption><\/figure>\n<\/div>\n\n\n\n<div class=\"wp-block-column is-layout-flow\">\n<figure class=\"wp-block-image size-full\"><img decoding=\"async\" src=\"https:\/\/wpfc2022.files.wordpress.com\/2023\/01\/df5aa-pilatus-p2-1.jpg\" alt=\"\" class=\"wp-image-1645\" \/><figcaption class=\"wp-element-caption\"><strong>Pilatus P2 (Indiana Jones)<\/strong><\/figcaption><\/figure>\n<\/div>\n\n\n\n<div class=\"wp-block-column is-layout-flow\">\n<figure class=\"wp-block-image size-full\"><img decoding=\"async\" src=\"https:\/\/wpfc2022.files.wordpress.com\/2023\/01\/59e99-yak-18.jpg\" alt=\"\" class=\"wp-image-1646\" \/><figcaption class=\"wp-element-caption\"><strong>Yak 18<\/strong><\/figcaption><\/figure>\n<\/div>\n<\/div>\n\n\n\n<div class=\"wp-block-columns is-layout-flex wp-container-9\">\n<div class=\"wp-block-column is-layout-flow\">\n<figure class=\"wp-block-image size-full\"><img decoding=\"async\" src=\"https:\/\/wpfc2022.files.wordpress.com\/2023\/01\/193cf-yak-11-1.jpg\" alt=\"\" class=\"wp-image-1648\" \/><figcaption class=\"wp-element-caption\"><strong>Yak 11<\/strong><\/figcaption><\/figure>\n<\/div>\n\n\n\n<div class=\"wp-block-column is-layout-flow\">\n<figure class=\"wp-block-image size-large\"><img decoding=\"async\" src=\"https:\/\/wpfc2022.files.wordpress.com\/2023\/01\/53dd3-boeing-stearman-pt18-1.jpg?w=1024&#038;h=661\" alt=\"\" class=\"wp-image-1649\" \/><figcaption class=\"wp-element-caption\"><strong>Patrouille de 2 Boeing Stearman PT 18<\/strong><\/figcaption><\/figure>\n<\/div>\n\n\n\n<div class=\"wp-block-column is-layout-flow\">\n<figure class=\"wp-block-image size-large is-resized\"><img decoding=\"async\" loading=\"lazy\" src=\"https:\/\/wpfc2022.files.wordpress.com\/2023\/01\/dd8a6-extra-330-sc-1.jpg?w=1024&#038;h=466\" alt=\"\" class=\"wp-image-1651\" width=\"280\" height=\"127\" \/><figcaption class=\"wp-element-caption\"><strong>Extra 330 SC<\/strong><\/figcaption><\/figure>\n<\/div>\n<\/div>\n\n\n\n<div class=\"wp-block-columns is-layout-flex wp-container-13\">\n<div class=\"wp-block-column is-layout-flow\">\n<figure class=\"wp-block-image size-large\"><img decoding=\"async\" src=\"https:\/\/wpfc2022.files.wordpress.com\/2023\/01\/17120-the-acrobat-1-pitts-et-1-extra-260-1.jpg?w=1024&#038;h=683\" alt=\"\" class=\"wp-image-1652\" \/><figcaption class=\"wp-element-caption\"><strong>Patrouille \u00ab The Acrobats \u00bb<\/strong><br><strong>Pitts + Extra 260<\/strong><\/figcaption><\/figure>\n<\/div>\n\n\n\n<div class=\"wp-block-column is-layout-flow\">\n<figure class=\"wp-block-image size-full\"><img decoding=\"async\" src=\"https:\/\/wpfc2022.files.wordpress.com\/2023\/01\/dc4d0-alize-1-1.jpg\" alt=\"\" class=\"wp-image-1655\" \/><figcaption class=\"wp-element-caption\"><strong>Aliz\u00e9e<\/strong><\/figcaption><\/figure>\n<\/div>\n\n\n\n<div class=\"wp-block-column is-layout-flow\">\n<figure class=\"wp-block-image size-full\"><img decoding=\"async\" src=\"https:\/\/wpfc2022.files.wordpress.com\/2023\/01\/18caa-zephyr28.jpg\" alt=\"\" class=\"wp-image-1657\" \/><figcaption class=\"wp-element-caption\"><strong>Z\u00e9phyr 28<\/strong><\/figcaption><\/figure>\n<\/div>\n<\/div>\n\n\n\n<div class=\"wp-block-columns is-layout-flex wp-container-17\">\n<div class=\"wp-block-column is-layout-flow\">\n<figure class=\"wp-block-image size-full\"><img decoding=\"async\" src=\"https:\/\/wpfc2022.files.wordpress.com\/2023\/01\/93cd2-ms-760-paris-1.jpg\" alt=\"\" class=\"wp-image-1658\" \/><figcaption class=\"wp-element-caption\"><strong>MS 760<\/strong><\/figcaption><\/figure>\n<\/div>\n\n\n\n<div class=\"wp-block-column is-layout-flow\">\n<figure class=\"wp-block-image size-full\"><img decoding=\"async\" src=\"https:\/\/wpfc2022.files.wordpress.com\/2023\/01\/3bf5e-ms-733-marine-3.jpg\" alt=\"\" class=\"wp-image-1662\" \/><figcaption class=\"wp-element-caption\"><strong>2 MS 733<\/strong><\/figcaption><\/figure>\n<\/div>\n\n\n\n<div class=\"wp-block-column is-layout-flow\">\n<figure class=\"wp-block-image size-large\"><img decoding=\"async\" src=\"https:\/\/wpfc2022.files.wordpress.com\/2023\/01\/b3f74-planeur-mdm-1-fox-1.jpg?w=1024&#038;h=576\" alt=\"\" class=\"wp-image-1663\" \/><figcaption class=\"wp-element-caption\"><strong>Voltige planeur MDM-1 Fox + remorqueur Rallye 235<\/strong><\/figcaption><\/figure>\n<\/div>\n<\/div>\n\n\n<div class=\"wp-block-image\">\n<figure class=\"aligncenter size-large is-resized\"><img decoding=\"async\" loading=\"lazy\" src=\"https:\/\/wpfc2022.files.wordpress.com\/2023\/01\/86df4-beech-55-baron-2.jpg?w=1024&#038;h=599\" alt=\"\" class=\"wp-image-1665\" width=\"305\" height=\"178\" \/><figcaption class=\"wp-element-caption\"><strong>Beech 55 Baron (voltige)<\/strong><\/figcaption><\/figure><\/div>","protected":false},"excerpt":{"rendered":"<p>Samedi 27 ao\u00fbt 2022, d\u00e8s 9 heures, les portes de l&#8217;a\u00e9rodrome d&#8217;Albi le S\u00e9questre s&#8217;ouvrent au public. &#8211; L&#8217;entr\u00e9e pour la journ\u00e9e et les animations sont gratuites (structures gonflables, simulateurs de vols, stands FFA&#8230;). Boissons et snacking sur place.&nbsp; &#8211; Des navettes gratuites seront mises en place depuis le centre-ville pour le public. Arr\u00eats : Jardin National et H\u00f4pital (Place Laperousse). &#8211; Les avions du meeting a\u00e9rien seront visibles sur le parking en matin\u00e9e &#8211; Les d\u00e9monstrations en vol sont pr\u00e9vues : de 14H00 \u00e0 16H00 Le parking du parc des expositions est ouvert et gratuit pour l&#8217;occasion. Merci de ne pas acc\u00e9der avec votre<a class=\"more-link\" href=\"http:\/\/wpfc2022.local\/meeting-aerien-albi\/\">Read More &rarr;<\/a><\/p>\n","protected":false},"author":1,"featured_media":0,"parent":0,"menu_order":0,"comment_status":"closed","ping_status":"closed","template":"","meta":[],"_links":{"self":[{"href":"http:\/\/wpfc2022.local\/wp-json\/wp\/v2\/pages\/1547"}],"collection":[{"href":"http:\/\/wpfc2022.local\/wp-json\/wp\/v2\/pages"}],"about":[{"href":"http:\/\/wpfc2022.local\/wp-json\/wp\/v2\/types\/page"}],"author":[{"embeddable":true,"href":"http:\/\/wpfc2022.local\/wp-json\/wp\/v2\/users\/1"}],"replies":[{"embeddable":true,"href":"http:\/\/wpfc2022.local\/wp-json\/wp\/v2\/comments?post=1547"}],"version-history":[{"count":0,"href":"http:\/\/wpfc2022.local\/wp-json\/wp\/v2\/pages\/1547\/revisions"}],"wp:attachment":[{"href":"http:\/\/wpfc2022.local\/wp-json\/wp\/v2\/media?parent=1547"}],"curies":[{"name":"wp","href":"https:\/\/api.w.org\/{rel}","templated":true}]}}